5?
-1120321
8603 (base 10) to base 8
20633
-480e (base 15) to base 16
-3bd2
Convert -121022120 (base 3) to base 4.
-2321313
Convert 30142 (base 5) to base 10.
1922
What is 25334 (base 7) in base 2?
1101000100001
112211 (base 4) to base 16
5a5
321102 (base 4) to base 16
e52
Convert -421 (base 11) to base 16.
-1fb
17a4 (base 11) to base 6
14340
-464 (base 13) to base 16
-2f6
What is -30113 (base 6) in base 2?
-111101011101
Convert -10000111101010 (base 2) to base 5.
-234212
What is -2862 (base 11) in base 14?
-14c2
What is 3189 (base 14) in base 6?
103325
Convert 38d (base 16) to base 2.
1110001101
What is -32021 (base 6) in base 2?
-1000011101101
Convert 27123 (base 9) to base 14.
6971
What is 444 (base 5) in base 9?
147
What is -1164 (base 12) in base 9?
-2604
Convert -1012200020 (base 3) to base 4.
-11310030
Convert b639 (base 12) to base 11.
13a67
What is 5d (base 15) in base 13?
6a
What is -13921 (base 14) in base 7?
-261141
56a (base 11) to base 9
836
What is -8a57 (base 12) in base 10?
-15331
Convert -1245 (base 8) to base 7.
-1655
-32141 (base 5) to base 8
-4173
What is -6816 (base 10) in base 4?
-1222200
-7b19 (base 12) to base 10
-13701
343111 (base 5) to base 10
12281
-779 (base 12) to base 4
-101031
What is 192 (base 11) in base 2?
11011110
What is 12200 (base 4) in base 16?
1a0
57372 (base 9) to base 13
14519
What is 1110111101 (base 2) in base 16?
3bd
What is 2413 (base 6) in base 10?
585
Convert b733 (base 13) to base 4.
12030300
101000111011010 (base 2) to base 4
11013122
What is 1122201012 (base 3) in base 7?
164012
Convert 210110 (base 3) to base 7.
1455
Convert -32210 (base 6) to base 2.
-1000100101110
What is -708 (base 10) in base 14?
-388
Convert -169b (base 13) to base 6.
-23243
1011010101101 (base 2) to base 12
3439
What is 4853 (base 10) in base 9?
6582
What is 150664 (base 7) in base 16?
71e0
2021021211 (base 3) to base 7
244156
2240 (base 10) to base 16
8c0
What is 804 (base 10) in base 15?
389
What is -17254 (base 8) in base 10?
-7852
What is 601 (base 15) in base 10?
1351
Convert -11100101000 (base 2) to base 8.
-3450
Convert -2347 (base 15) to base 11.
-56a1
Convert 104fd (base 16) to base 13.
24546
What is 130221 (base 5) in base 11?
3891
2c9 (base 14) to base 4
20321
4295 (base 10) to base 8
10307
What is -5404 (base 8) in base 2?
-101100000100
Convert 44 (base 13) to base 14.
40
What is -3644 (base 14) in base 6?
-111500
-22403 (base 7) to base 5
-140222
1101200 (base 3) to base 9
1350
What is 2718 (base 12) in base 10?
4484
Convert -11c03 (base 15) to base 5.
-3303303
What is -5503 (base 6) in base 12?
-893
Convert -360 (base 15) to base 13.
-46b
101122 (base 4) to base 3
1112021
What is -3101 (base 5) in base 9?
-485
What is 2715 (base 11) in base 5?
103100
Convert -7cd6 (base 14) to base 9.
-32744
767d (base 14) to base 4
11000033
What is 134 (base 16) in base 5?
2213
What is -55 (base 10) in base 7?
-106
What is 301022 (base 5) in base 9?
14038
Convert -35d7 (base 15) to base 13.
-529c
-32a0 (base 16) to base 4
-3022200
What is 30141 (base 5) in base 2?
11110000001
Convert -13031 (base 4) to base 2.
-111001101
What is 11011010001 (base 2) in base 6?
12025
a8b3 (base 12) to base 10
18567
What is -20984 (base 11) in base 8?
-73377
What is 2e75 (base 15) in base 5?
310020
Convert -11442 (base 8) to base 16.
-1322
Convert 152015 (base 7) to base 16.
7346
Convert -13504 (base 6) to base 11.
-1665
Convert -10063 (base 7) to base 11.
-1924
Convert -16261 (base 7) to base 14.
-1968
309 (base 16) to base 12
549
-2041114 (base 5) to base 3
-1201111220
101022000 (base 3) to base 7
30612
What is 404 (base 6) in base 9?
174
Convert 18719 (base 12) to base 16.
8b05
Convert -41343 (base 11) to base 5.
-3412210
Convert -4d75 (base 15) to base 12.
-969b
Convert -10010010010 (base 2) to base 15.
-530
-10034 (base 5) to base 7
-1610
-1343 (base 16) to base 4
-1031003
Convert -210301 (base 4) to base 10.
-2353
What is 185c (base 13) in base 10?
3626
Convert -17356 (base 8) to base 6.
-100354
22104 (base 5) to base 13
908
What is -42b (base 15) in base 6?
-4205
-c84 (base 15) to base 6
-21024
26524 (base 7) to base 4
1233103
Convert -21100000 (base 3) to base 11.
-4020
What is 534 (base 15) in base 6?
5234
Convert -3b4 (base 14) to base 7.
-2114
What is -1000111101011111 (base 2) in base 11?
-25637
-2221102 (base 3) to base 4
-201200
-4fef (base 16) to base 13
-9411
Convert -1350 (base 12) to base 4.
-202230
What is -120201 (base 3) in base 11?
-356
-16f (base 16) to base 7
-1033
What is 1220120122 (base 3) in base 9?
56518
What is -10101111 (base 2) in base 10?
-175
Convert 1254 (base 11) to base 14.
848
Convert 43a1 (base 12) to base 5.
214330
Convert -202022 (base 3) to base 14.
-2b2
What is -1279 (base 14) in base 12?
-1a63
Convert -23002 (base 7) to base 2.
-1011011001001
-1221212 (base 3) to base 13
-85a
Convert 77d0 (base 16) to base 7.
155265
3031203 (base 4) to base 15
3d70
What is 379 (base 12) in base 11?
438
Convert 15622 (base 8) to base 11.
5337
What is 110101011 (base 2) in base 4?
12223
What is -3d1 (base 14) in base 5?
-11041
What is 10001010000 (base 2) in base 14?
58c
Convert -203203 (base 4) to base 16.
-8e3
Convert 10311 (base 8) to base 11.
3257
309 (base 12) to base 13
27c
Convert 1000100 (base 2) to base 5.
233
What is -8d8b (base 15) in base 3?
-1112020012
-749 (base 10) to base 16
-2ed
What is 666b (base 13) in base 2?
11011111001101
-1113 (base 5) to base 2
-10011110
What is -1a00 (base 14) in base 12?
-2880
Convert -13103211 (base 4) to base 9.
-45040
Convert -102011 (base 3) to base 12.
-211
What is -15445 (base 9) in base 13?
-4a72
300434 (base 5) to base 13
4424
Convert -868 (base 14) to base 10.
-1660
Convert 4141 (base 5) to base 11.
457
-a44c (base 13) to base 15
-6ae0
Convert -4250 (base 7) to base 10.
-1505
Convert -665 (base 8) to base 13.
-278
Convert -6f2 (base 16) to base 3.
-2102212
6123 (base 12) to base 5
314124
Convert -462 (base 7) to base 3.
-22220
What is -267 (base 11) in base 8?
-473
-655 (base 15) to base 11
-1090
What is -12016 (base 11) in base 9?
-25674
What is 10100011111 (base 2) in base 16?
51f
What is 493 (base 14) in base 11?
760
What is 210 (base 5) in base 10?
55
What is -788 (base 14) in base 4?
-113110
Convert -b3a0 (base 14) to base 6.
-355040
16820 (base 9) to base 11
8797
Convert -441 (base 8) to base 10.
-289
Convert -11706 (base 8) to base 12.
-2b1a
Convert 2125 (base 10) to base 8.
4115
Convert -100001010 (base 2) to base 8.
-412
Convert 2110101120 (base 3) to base 6.
1012023
What is -124304 (base 5) in base 13?
-2341
-1d7 (base 14) to base 12
-281
What is 110111100001 (base 2) in base 13?
1804
11010010111010 (base 2) to base 4
3102322
What is -503 (base 10) in base 5?
-4003
-41437 (base 9) to base 6
-330311
1528 (base 12) to base 15
b05
What is 1005344 (base 6) in base 8?
135400
Convert b (base 12) to base 7.
14
2021121 (base 3) to base 9
2247
What is 151 (base 6) in base 11?
61
What is 1462 (base 7) in base 11?
490
15c7 (base 14) to base 16
f3b
-11011100111 (base 2) to base 8
-3347
-1000011011 (base 2) to base 8
-1033
What is 284 (base 9) in base 13?
154
What is -22201220 (base 3) in base 7?
-24366
What is -473 (base 16) in base 13?
-698
Convert -2744 (base 8) to base 2.
-10111100100
3b (base 12) to base 4
233
What is 88a1 (base 16) in base 3?
1202222110
Convert 31205 (base 6) to base 10.
4181
Convert 213155 (base 6) to base 3.
220002122
What is 332223 (base 5) in base 7?
45466
-4015 (base 11) to base 9
-7283
-24040 (base 5) to base 11
-136a
Convert 11030131 (base 4) to base 15.
6487
What is 992 (base 14) in base 8?
3544
Convert -392 (base 16) to base 3.
-1020212
Convert 6419 (base 10) to base 8.
14423
What is 11d (base 15) in base 3?
100101
33560 (base 7) to base 3
102200112
What is -25b9c (base 13) in base 15?
-15b80
What is 4511 (base 7) in base 5?
23000
Convert -6512 (base 7) to base 13.
-108b
What is 29044 (base 10) in base 15?
8914
-a5a (base 13) to base 7
-5101
What is 221201212 (base 3) in base 6?
222505
What is 3bd (base 14) in base 4?
23303
Convert -2a03 (base 11) to base 10.
-3875
What is 398 (base 14) in base 11?
5a7
What is 1110010100 (base 2) in base 16?
394
What is 214233 (base 5) in base 2?
1110100010011
What is -100101110 (base 2) in base 